{"id":4573,"date":"2021-11-24T04:41:35","date_gmt":"2021-11-24T04:41:35","guid":{"rendered":"https:\/\/perrosalfak9.com\/?post_type=product&#038;p=4573"},"modified":"2021-11-25T22:05:22","modified_gmt":"2021-11-25T22:05:22","slug":"labrador-retriver-negro","status":"publish","type":"product","link":"https:\/\/perrosalfak9.com\/?product=labrador-retriver-negro","title":{"rendered":"Labrador Retriver Negro"},"content":{"rendered":"<p>Los labradores retrievers son perros de constituci\u00f3n robusta y compactos. Su aspecto es pr\u00e1cticamente cuadrado, con un cuerpo fuerte y patas robustas. La altura m\u00e1xima para un macho es 60 cm, lo que los sit\u00faa en la categor\u00eda de perros de tama\u00f1o medio, aunque debido a su constituci\u00f3n robusta parecen mucho m\u00e1s grandes. El peso oscila entre los 38 kg en un macho grande hasta los 25 kg en una hembra, m\u00e1s peque\u00f1a. Los perros criados para la l\u00ednea de campo suelen ser m\u00e1s altos y algo m\u00e1s delgados de constituci\u00f3n<\/p>\n<p>Los labradores se reconocen f\u00e1cilmente por su cabeza ancha, orejas ca\u00eddas y ojos grandes y expresivos. Dos caracter\u00edsticas del labrador son su doble capa de pelo grueso pero bastante corto, muy resistente al agua, y la conocid\u00edsima \u00abcola de nutria\u00bb. La cola es gruesa y robusta y sale de la l\u00ednea superior casi recta. Los pies se describen como con \u00abmembrana interdigital\u00bb, ya que tienen una piel m\u00e1s larga entre los dedos que los ayuda a nadar. El color puede oscilar desde el negro pasando por el chocolate hasta un rojo\/amarillo e incluso casi blanco.<\/p>\n<p>El labrador retriever es una raza que madura a un ritmo moderadamente r\u00e1pido, ya que alcanza su altura de adulto entre los seis y los doce meses de edad, aunque puede seguir ganando peso hasta los dos a\u00f1os de vida. Muchos alcanzan los 12 o 14 a\u00f1os de edad.<\/p>\n<h3>Convivencia<\/h3>\n<p>Obviamente, los labradores cuentan con m\u00faltiples rasgos adorables que los hacen muy populares. Son inteligentes y bastante f\u00e1ciles de adiestrar, en parte por su deseo de trabajar con las personas. Son buenos comedores y pueden padecer sobrepeso si no practican ejercicio y no se les ajustan las porciones de alimentos seg\u00fan su necesidad. Los labradores son excelentes perros de familia porque les encanta la compa\u00f1\u00eda, por ello se sienten tristes cuando est\u00e1n en casetas o zonas apartadas.<\/p>\n<p>Los labradores tienden a ser protectores con sus familias y hogares, aunque tambi\u00e9n suelen acoger con alegr\u00eda a las visitas. Tambi\u00e9n pueden acabar siendo mordedores y destructores si no reciben los juguetes y orientaci\u00f3n adecuados. Los labradores pueden mordisquear a las personas, y la soluci\u00f3n a menudo es simplemente darles un juguete que puedan llevar consigo para que tengan la boca llena. Son perros muy fuertes y un adiestramiento temprano es necesario para conseguir un perro que pasee agradablemente con correa.<\/p>\n<p>La maravillosa doble capa de pelo que mantiene el calor del labrador cuando trabaja en aguas heladas tambi\u00e9n hace que esta raza sea la reina de las mudas. Normalmente es suficiente con un aseo r\u00e1pido a la semana, pero en \u00e9poca de muda es necesario un aseo diario. La cantidad de ejercicio que necesitan var\u00eda seg\u00fan su utilidad: los perros de campo pueden correr todo el d\u00eda, mientras que los de exposici\u00f3n solo necesitan un ejercicio moderado.<\/p>\n<h3>Historia<\/h3>\n<p>A principios del siglo XIX, se mandaron a Inglaterra algunos perros \u00abmultifunci\u00f3n\u00bb utilizados en Norteam\u00e9rica (principalmente en Canad\u00e1) por cazadores. Muchos de estos perros de agua eran del tipo terranova, pero los m\u00e1s peque\u00f1os sol\u00edan designarse como perros de St. John. En Inglaterra, la raza se desarroll\u00f3 y mejor\u00f3 (probablemente con aportaciones de retrievers de pelo liso) hasta convertirse en la raza que reconocemos en la actualidad.<\/p>\n<p>Tal y como se especifica por su nombre (retriever significa \u2018recuperador\u2019 o \u2018rescatador\u2019), los labradores retrievers se criaban y seleccionaban por sus destacadas capacidades de rescate, especialmente en el agua. Han trabajado como compa\u00f1eros de cazadores de patos en todo tipo de condiciones y climas. Su inteligencia y deseo de trabajar como compa\u00f1ero del hombre lo ha hecho merecedor de muchas otras tareas. En la actualidad, los labradores sobresalen como perros de apoyo y perros gu\u00eda, mascotas familiares, perros de rastro para militares, perros de aduana y de cuerpos especiales para incendios provocados, perros de b\u00fasqueda y rescate, as\u00ed como compa\u00f1eros para cacer\u00edas y perros de trabajo.<\/p>\n<p>El buen car\u00e1cter de esta raza la ha catapultado hasta el n\u00famero uno de las listas de popularidad estadounidenses, posici\u00f3n que pretende conservar. A pesar de su fama como mascotas de interior, tambi\u00e9n se encuentran en el exterior de las casas. Siempre hay que recordar que los labradores son perros de agua por naturaleza, y desde muy peque\u00f1os los cachorros muestran un fuerte deseo de llevar consigo cosas y una fuerte atracci\u00f3n por el agua, incluso por los charcos.<\/p>\n<p><strong>Informaci\u00f3n obtenida de:\u00a0<\/strong><a href=\"https:\/\/www.hillspet.es\/dog-care\/dog-breeds\/labrador-retriever\">https:\/\/www.hillspet.es\/dog-care\/dog-breeds\/labrador-retriever<\/a><\/p>\n","protected":false},"excerpt":{"rendered":"<p>Por lo general, los labradores retrievers son excelentes perros de familia, siempre que tengas en cuenta que necesitan hacer ejercicio y recibir adiestramiento. Son perros criados para trabajar y trabajan duro, y les encanta que les asignen tareas, especialmente de rescate<\/p>\n<p>Los labradores suelen llevarse bien con los dem\u00e1s perros, otras mascotas y ni\u00f1os, siempre que el adiestramiento haya atenuado su exuberancia natural. Son perros fuertes y necesitan cierto adiestramiento en obediencia desde una edad muy temprana para evitar que acaben arrastrando a sus propietarios por la calle cuando les parezca.<\/p>\n<p>Dada su naturaleza en\u00e9rgica, los que se quedan solos o no practican suficiente ejercicio pueden adoptar comportamientos destructivos mordiendo, excavando y ladrando de forma excesiva.<\/p>\n<p>Muchos labradores son perros especialmente en\u00e9rgicos, mientras que otros se \u00abaplatanan\u00bb totalmente desde una edad muy temprana. El mordisqueo puede ser un problema, porque tienen una fijaci\u00f3n oral a consecuencia de su fuerte instinto de rescate, por ello es de gran ayuda que dispongan de juguetes para morder, adiestramiento y ejercicio.<\/p>\n","protected":false},"featured_media":4574,"comment_status":"open","ping_status":"closed","template":"","meta":{"site-sidebar-layout":"default","site-content-layout":"default","ast-site-content-layout":"","site-content-style":"default","site-sidebar-style":"default","ast-global-header-display":"","ast-banner-title-visibility":"","ast-main-header-display":"","ast-hfb-above-header-display":"","ast-hfb-below-header-display":"","ast-hfb-mobile-header-display":"","site-post-title":"","ast-breadcrumbs-content":"","ast-featured-img":"","footer-sml-layout":"","theme-transparent-header-meta":"default","adv-header-id-meta":"","stick-header-meta":"","header-above-stick-meta":"","header-main-stick-meta":"","header-below-stick-meta":"","astra-migrate-meta-layouts":"default","ast-page-background-enabled":"default","ast-page-background-meta":{"desktop":{"background-color":"","background-image":"","background-repeat":"repeat","background-position":"center center","background-size":"auto","background-attachment":"scroll","background-type":"","background-media":"","overlay-type":"","overlay-color":"","overlay-opacity":"","overlay-gradient":""},"tablet":{"background-color":"","background-image":"","background-repeat":"repeat","background-position":"center center","background-size":"auto","background-attachment":"scroll","background-type":"","background-media":"","overlay-type":"","overlay-color":"","overlay-opacity":"","overlay-gradient":""},"mobile":{"background-color":"","background-image":"","background-repeat":"repeat","background-position":"center center","background-size":"auto","background-attachment":"scroll","background-type":"","background-media":"","overlay-type":"","overlay-color":"","overlay-opacity":"","overlay-gradient":""}},"ast-content-background-meta":{"desktop":{"background-color":"var(--ast-global-color-5)","background-image":"","background-repeat":"repeat","background-position":"center center","background-size":"auto","background-attachment":"scroll","background-type":"","background-media":"","overlay-type":"","overlay-color":"","overlay-opacity":"","overlay-gradient":""},"tablet":{"background-color":"var(--ast-global-color-5)","background-image":"","background-repeat":"repeat","background-position":"center center","background-size":"auto","background-attachment":"scroll","background-type":"","background-media":"","overlay-type":"","overlay-color":"","overlay-opacity":"","overlay-gradient":""},"mobile":{"background-color":"var(--ast-global-color-5)","background-image":"","background-repeat":"repeat","background-position":"center center","background-size":"auto","background-attachment":"scroll","background-type":"","background-media":"","overlay-type":"","overlay-color":"","overlay-opacity":"","overlay-gradient":""}}},"product_brand":[],"product_cat":[15],"product_tag":[],"class_list":{"0":"post-4573","1":"product","2":"type-product","3":"status-publish","4":"has-post-thumbnail","6":"product_cat-sin-categorizar","7":"desktop-align-center","8":"tablet-align-center","9":"mobile-align-center","11":"first","12":"instock","13":"shipping-taxable","14":"purchasable","15":"product-type-simple"},"yoast_head":"<!-- This site is optimized with the Yoast SEO plugin v25.7 - https:\/\/yoast.com\/wordpress\/plugins\/seo\/ -->\n<title>Labrador Retriver Negro &#8211; Todo sobre perros en ALFA K9<\/title>\n<meta name=\"robots\" content=\"index, follow, max-snippet:-1, max-image-preview:large, max-video-preview:-1\" \/>\n<link rel=\"canonical\" href=\"https:\/\/perrosalfak9.com\/?product=labrador-retriver-negro\" \/>\n<meta property=\"og:locale\" content=\"es_ES\" \/>\n<meta property=\"og:type\" content=\"article\" \/>\n<meta property=\"og:title\" content=\"Labrador Retriver Negro &#8211; Todo sobre perros en ALFA K9\" \/>\n<meta property=\"og:description\" content=\"Por lo general, los labradores retrievers son excelentes perros de familia, siempre que tengas en cuenta que necesitan hacer ejercicio y recibir adiestramiento. Son perros criados para trabajar y trabajan duro, y les encanta que les asignen tareas, especialmente de rescate  Los labradores suelen llevarse bien con los dem\u00e1s perros, otras mascotas y ni\u00f1os, siempre que el adiestramiento haya atenuado su exuberancia natural. Son perros fuertes y necesitan cierto adiestramiento en obediencia desde una edad muy temprana para evitar que acaben arrastrando a sus propietarios por la calle cuando les parezca.  Dada su naturaleza en\u00e9rgica, los que se quedan solos o no practican suficiente ejercicio pueden adoptar comportamientos destructivos mordiendo, excavando y ladrando de forma excesiva.  Muchos labradores son perros especialmente en\u00e9rgicos, mientras que otros se &quot;aplatanan&quot; totalmente desde una edad muy temprana. El mordisqueo puede ser un problema, porque tienen una fijaci\u00f3n oral a consecuencia de su fuerte instinto de rescate, por ello es de gran ayuda que dispongan de juguetes para morder, adiestramiento y ejercicio.\" \/>\n<meta property=\"og:url\" content=\"https:\/\/perrosalfak9.com\/?product=labrador-retriver-negro\" \/>\n<meta property=\"og:site_name\" content=\"Todo sobre perros en ALFA K9\" \/>\n<meta property=\"article:publisher\" content=\"https:\/\/www.facebook.com\/erick.quiroschaves\" \/>\n<meta property=\"article:modified_time\" content=\"2021-11-25T22:05:22+00:00\" \/>\n<meta property=\"og:image\" content=\"https:\/\/perrosalfak9.com\/wp-content\/uploads\/2021\/11\/NEGROS.jpg\" \/>\n\t<meta property=\"og:image:width\" content=\"1020\" \/>\n\t<meta property=\"og:image:height\" content=\"765\" \/>\n\t<meta property=\"og:image:type\" content=\"image\/jpeg\" \/>\n<meta name=\"twitter:card\" content=\"summary_large_image\" \/>\n<meta name=\"twitter:label1\" content=\"Tiempo de lectura\" \/>\n\t<meta name=\"twitter:data1\" content=\"4 minutos\" \/>\n<script type=\"application\/ld+json\" class=\"yoast-schema-graph\">{\"@context\":\"https:\/\/schema.org\",\"@graph\":[{\"@type\":\"WebPage\",\"@id\":\"https:\/\/perrosalfak9.com\/?product=labrador-retriver-negro\",\"url\":\"https:\/\/perrosalfak9.com\/?product=labrador-retriver-negro\",\"name\":\"Labrador Retriver Negro &#8211; Todo sobre perros en ALFA K9\",\"isPartOf\":{\"@id\":\"https:\/\/perrosalfak9.com\/#website\"},\"primaryImageOfPage\":{\"@id\":\"https:\/\/perrosalfak9.com\/?product=labrador-retriver-negro#primaryimage\"},\"image\":{\"@id\":\"https:\/\/perrosalfak9.com\/?product=labrador-retriver-negro#primaryimage\"},\"thumbnailUrl\":\"https:\/\/perrosalfak9.com\/wp-content\/uploads\/2021\/11\/NEGROS.jpg\",\"datePublished\":\"2021-11-24T04:41:35+00:00\",\"dateModified\":\"2021-11-25T22:05:22+00:00\",\"breadcrumb\":{\"@id\":\"https:\/\/perrosalfak9.com\/?product=labrador-retriver-negro#breadcrumb\"},\"inLanguage\":\"es\",\"potentialAction\":[{\"@type\":\"ReadAction\",\"target\":[\"https:\/\/perrosalfak9.com\/?product=labrador-retriver-negro\"]}]},{\"@type\":\"ImageObject\",\"inLanguage\":\"es\",\"@id\":\"https:\/\/perrosalfak9.com\/?product=labrador-retriver-negro#primaryimage\",\"url\":\"https:\/\/perrosalfak9.com\/wp-content\/uploads\/2021\/11\/NEGROS.jpg\",\"contentUrl\":\"https:\/\/perrosalfak9.com\/wp-content\/uploads\/2021\/11\/NEGROS.jpg\",\"width\":1020,\"height\":765},{\"@type\":\"BreadcrumbList\",\"@id\":\"https:\/\/perrosalfak9.com\/?product=labrador-retriver-negro#breadcrumb\",\"itemListElement\":[{\"@type\":\"ListItem\",\"position\":1,\"name\":\"Portada\",\"item\":\"https:\/\/perrosalfak9.com\/\"},{\"@type\":\"ListItem\",\"position\":2,\"name\":\"Cachorros Disponibles\",\"item\":\"https:\/\/perrosalfak9.com\/?page_id=401\"},{\"@type\":\"ListItem\",\"position\":3,\"name\":\"Labrador Retriver Negro\"}]},{\"@type\":\"WebSite\",\"@id\":\"https:\/\/perrosalfak9.com\/#website\",\"url\":\"https:\/\/perrosalfak9.com\/\",\"name\":\"Todo sobre perros en ALFA K9\",\"description\":\"\",\"publisher\":{\"@id\":\"https:\/\/perrosalfak9.com\/#organization\"},\"potentialAction\":[{\"@type\":\"SearchAction\",\"target\":{\"@type\":\"EntryPoint\",\"urlTemplate\":\"https:\/\/perrosalfak9.com\/?s={search_term_string}\"},\"query-input\":{\"@type\":\"PropertyValueSpecification\",\"valueRequired\":true,\"valueName\":\"search_term_string\"}}],\"inLanguage\":\"es\"},{\"@type\":\"Organization\",\"@id\":\"https:\/\/perrosalfak9.com\/#organization\",\"name\":\"Todo sobre perros en Alfa K9\",\"url\":\"https:\/\/perrosalfak9.com\/\",\"logo\":{\"@type\":\"ImageObject\",\"inLanguage\":\"es\",\"@id\":\"https:\/\/perrosalfak9.com\/#\/schema\/logo\/image\/\",\"url\":\"https:\/\/perrosalfak9.com\/wp-content\/uploads\/2021\/11\/cropped-cropped-Logo-Alfa-K-9.jpeg\",\"contentUrl\":\"https:\/\/perrosalfak9.com\/wp-content\/uploads\/2021\/11\/cropped-cropped-Logo-Alfa-K-9.jpeg\",\"width\":512,\"height\":512,\"caption\":\"Todo sobre perros en Alfa K9\"},\"image\":{\"@id\":\"https:\/\/perrosalfak9.com\/#\/schema\/logo\/image\/\"},\"sameAs\":[\"https:\/\/www.facebook.com\/erick.quiroschaves\",\"https:\/\/www.instagram.com\/todosobreperrosenalfa\/\",\"https:\/\/www.youtube.com\/user\/alfak9sa\/featured\"]}]}<\/script>\n<!-- \/ Yoast SEO plugin. -->","yoast_head_json":{"title":"Labrador Retriver Negro &#8211; Todo sobre perros en ALFA K9","robots":{"index":"index","follow":"follow","max-snippet":"max-snippet:-1","max-image-preview":"max-image-preview:large","max-video-preview":"max-video-preview:-1"},"canonical":"https:\/\/perrosalfak9.com\/?product=labrador-retriver-negro","og_locale":"es_ES","og_type":"article","og_title":"Labrador Retriver Negro &#8211; Todo sobre perros en ALFA K9","og_description":"Por lo general, los labradores retrievers son excelentes perros de familia, siempre que tengas en cuenta que necesitan hacer ejercicio y recibir adiestramiento. Son perros criados para trabajar y trabajan duro, y les encanta que les asignen tareas, especialmente de rescate  Los labradores suelen llevarse bien con los dem\u00e1s perros, otras mascotas y ni\u00f1os, siempre que el adiestramiento haya atenuado su exuberancia natural. Son perros fuertes y necesitan cierto adiestramiento en obediencia desde una edad muy temprana para evitar que acaben arrastrando a sus propietarios por la calle cuando les parezca.  Dada su naturaleza en\u00e9rgica, los que se quedan solos o no practican suficiente ejercicio pueden adoptar comportamientos destructivos mordiendo, excavando y ladrando de forma excesiva.  Muchos labradores son perros especialmente en\u00e9rgicos, mientras que otros se \"aplatanan\" totalmente desde una edad muy temprana. El mordisqueo puede ser un problema, porque tienen una fijaci\u00f3n oral a consecuencia de su fuerte instinto de rescate, por ello es de gran ayuda que dispongan de juguetes para morder, adiestramiento y ejercicio.","og_url":"https:\/\/perrosalfak9.com\/?product=labrador-retriver-negro","og_site_name":"Todo sobre perros en ALFA K9","article_publisher":"https:\/\/www.facebook.com\/erick.quiroschaves","article_modified_time":"2021-11-25T22:05:22+00:00","og_image":[{"width":1020,"height":765,"url":"https:\/\/perrosalfak9.com\/wp-content\/uploads\/2021\/11\/NEGROS.jpg","type":"image\/jpeg"}],"twitter_card":"summary_large_image","twitter_misc":{"Tiempo de lectura":"4 minutos"},"schema":{"@context":"https:\/\/schema.org","@graph":[{"@type":"WebPage","@id":"https:\/\/perrosalfak9.com\/?product=labrador-retriver-negro","url":"https:\/\/perrosalfak9.com\/?product=labrador-retriver-negro","name":"Labrador Retriver Negro &#8211; Todo sobre perros en ALFA K9","isPartOf":{"@id":"https:\/\/perrosalfak9.com\/#website"},"primaryImageOfPage":{"@id":"https:\/\/perrosalfak9.com\/?product=labrador-retriver-negro#primaryimage"},"image":{"@id":"https:\/\/perrosalfak9.com\/?product=labrador-retriver-negro#primaryimage"},"thumbnailUrl":"https:\/\/perrosalfak9.com\/wp-content\/uploads\/2021\/11\/NEGROS.jpg","datePublished":"2021-11-24T04:41:35+00:00","dateModified":"2021-11-25T22:05:22+00:00","breadcrumb":{"@id":"https:\/\/perrosalfak9.com\/?product=labrador-retriver-negro#breadcrumb"},"inLanguage":"es","potentialAction":[{"@type":"ReadAction","target":["https:\/\/perrosalfak9.com\/?product=labrador-retriver-negro"]}]},{"@type":"ImageObject","inLanguage":"es","@id":"https:\/\/perrosalfak9.com\/?product=labrador-retriver-negro#primaryimage","url":"https:\/\/perrosalfak9.com\/wp-content\/uploads\/2021\/11\/NEGROS.jpg","contentUrl":"https:\/\/perrosalfak9.com\/wp-content\/uploads\/2021\/11\/NEGROS.jpg","width":1020,"height":765},{"@type":"BreadcrumbList","@id":"https:\/\/perrosalfak9.com\/?product=labrador-retriver-negro#breadcrumb","itemListElement":[{"@type":"ListItem","position":1,"name":"Portada","item":"https:\/\/perrosalfak9.com\/"},{"@type":"ListItem","position":2,"name":"Cachorros Disponibles","item":"https:\/\/perrosalfak9.com\/?page_id=401"},{"@type":"ListItem","position":3,"name":"Labrador Retriver Negro"}]},{"@type":"WebSite","@id":"https:\/\/perrosalfak9.com\/#website","url":"https:\/\/perrosalfak9.com\/","name":"Todo sobre perros en ALFA K9","description":"","publisher":{"@id":"https:\/\/perrosalfak9.com\/#organization"},"potentialAction":[{"@type":"SearchAction","target":{"@type":"EntryPoint","urlTemplate":"https:\/\/perrosalfak9.com\/?s={search_term_string}"},"query-input":{"@type":"PropertyValueSpecification","valueRequired":true,"valueName":"search_term_string"}}],"inLanguage":"es"},{"@type":"Organization","@id":"https:\/\/perrosalfak9.com\/#organization","name":"Todo sobre perros en Alfa K9","url":"https:\/\/perrosalfak9.com\/","logo":{"@type":"ImageObject","inLanguage":"es","@id":"https:\/\/perrosalfak9.com\/#\/schema\/logo\/image\/","url":"https:\/\/perrosalfak9.com\/wp-content\/uploads\/2021\/11\/cropped-cropped-Logo-Alfa-K-9.jpeg","contentUrl":"https:\/\/perrosalfak9.com\/wp-content\/uploads\/2021\/11\/cropped-cropped-Logo-Alfa-K-9.jpeg","width":512,"height":512,"caption":"Todo sobre perros en Alfa K9"},"image":{"@id":"https:\/\/perrosalfak9.com\/#\/schema\/logo\/image\/"},"sameAs":["https:\/\/www.facebook.com\/erick.quiroschaves","https:\/\/www.instagram.com\/todosobreperrosenalfa\/","https:\/\/www.youtube.com\/user\/alfak9sa\/featured"]}]}},"_links":{"self":[{"href":"https:\/\/perrosalfak9.com\/index.php?rest_route=\/wp\/v2\/product\/4573","targetHints":{"allow":["GET"]}}],"collection":[{"href":"https:\/\/perrosalfak9.com\/index.php?rest_route=\/wp\/v2\/product"}],"about":[{"href":"https:\/\/perrosalfak9.com\/index.php?rest_route=\/wp\/v2\/types\/product"}],"replies":[{"embeddable":true,"href":"https:\/\/perrosalfak9.com\/index.php?rest_route=%2Fwp%2Fv2%2Fcomments&post=4573"}],"wp:featuredmedia":[{"embeddable":true,"href":"https:\/\/perrosalfak9.com\/index.php?rest_route=\/wp\/v2\/media\/4574"}],"wp:attachment":[{"href":"https:\/\/perrosalfak9.com\/index.php?rest_route=%2Fwp%2Fv2%2Fmedia&parent=4573"}],"wp:term":[{"taxonomy":"product_brand","embeddable":true,"href":"https:\/\/perrosalfak9.com\/index.php?rest_route=%2Fwp%2Fv2%2Fproduct_brand&post=4573"},{"taxonomy":"product_cat","embeddable":true,"href":"https:\/\/perrosalfak9.com\/index.php?rest_route=%2Fwp%2Fv2%2Fproduct_cat&post=4573"},{"taxonomy":"product_tag","embeddable":true,"href":"https:\/\/perrosalfak9.com\/index.php?rest_route=%2Fwp%2Fv2%2Fproduct_tag&post=4573"}],"curies":[{"name":"wp","href":"https:\/\/api.w.org\/{rel}","templated":true}]}}